 19. What is a(-18)?
1
Let u(q) = -q**3 + 3*q + 14. Calculate u(0).
14
Let r(u) = u**2 + 417*u + 15086. Determine r(-40).
6
Let a(o) = -o**3 - 15*o**2 - 77*o - 879. What is a(-14)?
3
Let n(i) = i**3 - 46*i**2 - 434*i - 16. Give n(-8).
0
Let k(a) = a**3 + 185*a**2 + 5464*a - 1771. What is k(-148)?
5
Let d(z) = 15*z - 2929. Give d(195).
-4
Let u(y) = -9*y**2 + 47*y - 260. What is u(5)?
-250
Let n(y) = -2*y**2 - 11*y + 110. What is n(6)?
-28
Let i(m) = -m**3 + 54*m**2 - 132. Determine i(54).
-132
Let a(z) = -582*z - 4071. What is a(-7)?
3
Let a(r) = 4*r**3 - 150*r**2 - 299*r + 2. Calculate a(-2).
-32
Let o(z) = -3*z**3 - 18*z**2 + 39*z - 13. What is o(-9)?
365
Let k(s) = 7*s**2 - 87*s + 41. What is k(12)?
5
Let y(p) = 68*p + 379. Give y(-6).
-29
Let n(s) = 7*s**2 + 197*s + 18. Calculate n(-27).
-198
Let g(k) = k**3 - 17*k**2 + 43*k - 180. What is g(15)?
15
Let h(x) = x**3 - 23*x**2 - 173*x - 62. What is h(29)?
-33
Let k(j) = -j**3 - 15*j**2 - 28*j - 28. Calculate k(-13).
-2
Let v(j) = 1540*j - 18482. What is v(12)?
-2
Let s(d) = -d**3 - 24*d**2 - 48*d - 58. Determine s(-22).
30
Let n(j) = 8*j - 108. What is n(10)?
-28
Let h(p) = -6*p**2 - 89*p - 13. Give h(-14).
57
Let r(t) = t**2 - 5*t - 423. Give r(-19).
33
Let s(j) = -185*j + 53282. Calculate s(288).
2
Let a(s) = -s**2 - 50*s + 566. Calculate a(-59).
35
Let g(q) = -197*q - 1282. Determine g(-6).
-100
Let v(o) = -107*o**2 + 1172*o + 19. Give v(11).
-36
Let b(k) = -3*k**2 + 49*k + 11. Determine b(15).
71
Let o(v) = 2*v**2 + 103*v + 660. Calculate o(-44).
0
Let f(g) = g**2 - 23*g + 99. What is f(17)?
-3
Let m(z) = -z**3 + 5*z**2 - 571*z + 2280. What is m(4)?
12
Let d(o) = -o**2 + 2704*o + 21697. What is d(-8)?
1
Let l(i) = -134*i**2 - 3*i + 5. What is l(-2)?
-525
Let b(l) = -2*l**3 - 4*l**2 + 63*l + 7. Determine b(5).
-28
Let s(v) = -7*v**2 + 803*v - 2411. Determine s(3).
-65
Let v(o) = -6*o**3 - 117*o**2 - 56*o + 14. Determine v(-19).
-5
Let m(f) = -2508*f - 105338. What is m(-42)?
-2
Let h(t) = -t**3 + 8*t**2 - 67*t + 420. Determine h(7).
0
Let m(z) = 14*z**2 - 2283*z + 168. Determine m(163).
5
Let l(h) = -h**3 + 32*h**2 - 202*h - 42. What is l(9)?
3
Let s(l) = -381*l + 10660. Determine s(28).
-8
Let w(d) = d**2 + 43*d - 811. Give w(14).
-13
Let c(i) = i**2 + 5*i + 64. Determine c(-11).
130
Let v(h) = -2*h**3 - 10. What is v(-2)?
6
Let r(y) = -y**2 + 1173*y - 24195. Give r(21).
-3
Let b(j) = j**3 - 25*j**2 - 62*j + 340. What is b(27)?
124
Let v(q) = -q**3 + 54*q**2 - 291*q - 64. What is v(48)?
-208
Let z(k) = 18*k**3 + 17*k**2 + 36*k + 7. Determine z(-4).
-1017
Let s(i) = -5*i**2 + 27*i + 28. Determine s(-1).
-4
Let b(h) = 27*h - 288. Calculate b(8).
-72
Let y(j) = -9*j + 42. What is y(-16)?
186
Let d(l) = l**3 + 12*l**2 + 50*l + 72. Give d(-5).
-3
Let n(k) = -1613*k + 11294. What is n(7)?
3
Let j(z) = 68*z - 536. Give j(5).
-196
Let r(c) = 15*c**2 + 90*c + 4. Give r(-6).
4
Let v(j) = -j**3 + 19*j**2 - 54*j + 114. Determine v(16).
18
Let k(z) = z**2 + 29*z + 187. Determine k(-22).
33
Let j(g) = -31*g - 1487. Calculate j(-47).
-30
Let h(w) = -w**3 - 13*w**2 + 35*w + 12. Calculate h(-15).
-63
Let c(h) = h**3 - 6*h**2 - 49*h - 27. Calculate c(9).
-225
Let s(p) = -99*p + 306. Calculate s(3).
9
Let o(x) = 588*x**3 + 3*x**2 + 2*x - 1. Determine o(-1).
-588
Let l(j) = -888*j + 21308. What is l(24)?
-4
Let w(y) = -34*y - 2949. What is w(-86)?
-25
Let s(w) = -2*w**3 - 3*w**2 + 4*w + 5. What is s(3)?
-64
Let p(y) = 13*y - 6. Determine p(-9).
-123
Let i(h) = 2*h**3 - 96*h**2 - 74*h + 3566. Calculate i(48).
14
Let t(a) = 18*a**2 + 14*a - 38. What is t(2)?
62
Let f(q) = 23*q - 643. Give f(39).
254
Let v(s) = -20*s + 144. Determine v(-18).
504
Let b(p) = 2413*p - 94102. Determine b(39).
5
Let m(f) = 2*f**2 + 58*f - 184. Determine m(-32).
8
Let c(h) = -h**3 - 16*h**2 + 501*h - 60. Calculate c(-32).
292
Let z(o) = 97*o - 2908. Calculate z(30).
2
Let p(g) = -3*g - 14. Give p(-44).
118
Let n(l) = -l**3 - 3*l**2 + 2981*l - 681. Calculate n(53).
8
Let b(w) = 19*w**2 - 258*w + 144. Determine b(13).
1
Let v(t) = -32*t - 197. Determine v(-10).
123
Let b(v) = -13*v - 273. What is b(-17)?
-52
Let c(h) = h**2 + 23*h - 63. Determine c(-22).
-85
Let i(w) = -1057*w - 1058. Give i(-1).
-1
Let c(f) = f**3 + 81*f**2 + 161*f - 332. Give c(-79).
-569
Let i(g) = 2*g**2 + 26*g + 1. Determine i(-14).
29
Let c(f) = 3*f**2 - 155*f - 675. Calculate c(-4).
-7
Let q(b) = b**3 + 4*b**2 - 2742*b - 10978. Calculate q(-4).
-10
Let q(z) = 15*z + 71. What is q(-11)?
-94
Let k(d) = -2*d**3 + 64*d**2 - 64*d + 61. Calculate k(31).
-1
Let a(f) = f**2 + 267*f + 3547. Calculate a(-14).
5
Let k(v) = -42*v + 265. Calculate k(6).
13
Let i(s) = -34*s**2 + s - 3. Give i(3).
-306
Let s(g) = g**2 + 19*g + 24. Give s(-9).
-66
Let v(p) = 29*p - 1559. Give v(54).
7
Let z(b) = -2*b + 35. Calculate z(-2).
39
Let r(i) = 4*i**2 + 53*i - 14. Calculate r(-13).
-27
Let u(o) = -11*o**2 - 635*o + 112. Calculate u(-58).
-62
Let x(z) = -1269*z - 24107. What is x(-19)?
4
Let i(y) = y**2 + 40*y - 101. Determine i(-21).
-500
Let g(b) = -120*b + 55811. What is g(465)?
11
Let t(m) = 5*m**3 + 4*m - 5. Calculate t(2).
43
Let o(a) = 14*a + 8. What is o(0)?
8
Let z(o) = -o**3 + 16*o**2 - 10*o - 44. Give z(13).
333
Let t(y) = -91*y - 1591. Give t(-18).
47
Let z(u) = -u**2 + u + 307. What is z(18)?
1
Let y(c) = -203*c**3 + 609*c**2 + 8*c - 19. What is y(3)?
5
Let u(l) = l**2 - 9*l + 66. Calculate u(8).
58
Let x(c) = 2*c**3 - 388*c**2 + 392*c - 1177. Give x(193).
-19
Let i(z) = -384*z - 2291. Give i(-6).
13
Let p(k) = -k**3 - 5*k**2 - 28*k - 144. Calculate p(-5).
-4
Let u(w) = w**2 + 46*w - 61. What is u(0)?
-61
Let k(a) = -a**3 + 36*a**2 - 277*a + 10. Calculate k(11).
-12
Let f(s) = -s**3 + s**2 - 87*s + 358. What is f(4)?
-38
Let o(c) = 24*c + 57. Determine o(6).
201
Let g(m) = 107*m - 1075. What is g(10)?
-5
Let x(p) = p**3 - 4*p**2 - 17*p - 24. What is x(-5)?
-164
Let z(h) = -191*h**2 - 926*h + 140. Determine z(-5).
-5
Let g(c) = -4*c**2 - 3*c + 13. What is g(2)?
-9
Let b(t) = -28*t + 234. Give b(7).
38
Let p(v) = 24*v - 146. Give p(8).
46
Let s(d) = -132*d - 11478. Calculate s(-87).
6
Let s(w) = 53*w + 58. What is s(3)?
217
Let t(n) = 18*n**2 - 131*n + 17. Determine t(7).
-18
Let a(q) = -6*q**2 - 10*q + 72. Give a(5).
-128
Let k(p) = 12*p**2 - 149*p - 15. Calculate k(9).
-384
Let z(u) = -4*u + 30. Give z(-32).
158
Let n(j) = 6*j**2 - 9*j - 2. What is n(1)?
-5
Let j(o) = 286*o - 62. Determine j(-1).
-348
Let h(p) = p**3 + 13*p**2 + 67*p + 137. Give h(-9).
-142
Let s(z) = 2473*z - 56876. Calculate s(23).
3
Let j(m) = 21*m**2 - 182*m - 8. Calculate j(10).
272
Let t(l) = 2*l**2 - 100*l + 443. Give t(5).
-7
Let x(s) = s**3 - 22*s**2 + 65*s - 494. Give x(20).
6
Let b(f) = -24*f**3 - 312*f**2 - 7*f - 57. Determine b(-13).
34
Let x(z) = -3*z**2 + z + 40. What is x(-3)?
10
Let s(j) = -444*j + 2328. What is s(5)?
108
Let n(q) = q**2 + 105*q - 7543. Calculate n(-154).
3
Let c(y) = -30*y**3 + 2*y**2 - 19*y + 16. What is c(1)?
-31
Let g(o) = 46*o**2 + 690*o + 8. What is g(-15)?
8
Let f(g) = -7*g + 196. Give f(30).
-14
Let o(j) = 225*j + 43197. Give o(-192).
-3
Let k(t) = 5*t**3 - 14*t**2 - 28*t + 13. Give k(4).
-3
Let k(p) = -p**2 + 233*p - 901. Calculate k(4).
15
Let b(h) = -15*h**3 - 32*h**2 + 27*h - 42. Give b(-3).
-6
Let f(b) = 146*b + 148. Give f(-1).
2
Let c(q) = 2*q**3 - q**2 - 6*q - 5. Calculate c(-1).
-2
Let y(w) = -w**3 + 27*w**2 + 23*w + 138. Calculate y(28).
-2
Let k(y) = -y**3 + 240*y**2 + 14*y - 3347. Calculate k(240).
13
Let n(x) = -x**3 - 41*x**2 - 42*x - 81. Determine n(-40).
-1
Let l(g) = -87*g**3 - g**2 + 2*g + 4. Determine l(-1).
88
Let h(w) = 26*w + 372. What is h(-16)?
-44
Let b(q) = -481*q - 31246. Determine b(-65).
19
Let x(o) = 581*o - 1741. Give x(3).
2
Let i(k) = 24*k + 334. What is i(-9)?
118
Let k(j) = -j**3 + 30*j**2 + 28*j - 76. Calculate k(31).
-169
Let x(k) = -3*k**3 + 23*k**2 + 4*k + 7. Determine x(8).
-25
Let n(q) = 3*q**2 - 20*q - 41. Calculate n(10).
59
Let u(i) = i**3 - i**2 + 4*i + 6. What is u(0)?
6
Let f(y) = y**2 + 12*y - 587. Determine f(20).
53
Let n(p) = -2*p**3 + 24*p**2 - 21*p - 27. What is n(11)?
-16
Let k(b) = -50*b + 2475. What is k(50)?
-25
Let h(n) = 39*n - 96. Give h(3).
21
Let q(x) = -x**3 + 9*x**2 - 66*x + 239. Determine q(5).
9